0)*60*1. Calculate the greatest common factor of r and w.
24
Suppose 3*h - 3*g = 777, h - 254 = 50*g - 48*g. Let b be ((-1386)/4)/(-7)*4. Calculate the greatest common divisor of b and h.
66
Let u = -44 - -53. Suppose -t + u + 4 = 0. Calculate the greatest common divisor of t and 39.
13
Let h = -4379 - -8087. Calculate the highest common factor of h and 144.
36
Suppose 3*l + 7*h = 2*h - 147, -3*h = l + 53. Let w(n) = 28*n - 4. Let c be w(2). Let a = l + c. Calculate the greatest common divisor of 8 and a.
8
Suppose -144*n + 141*n + 6 = 0. Let y be 20/(0 + 5) + n. Calculate the greatest common divisor of 9 and y.
3
Let o(c) = 5*c - 12. Let p be o(8). Suppose -34*k + 49*k - 541*k + 11046 = 0. Calculate the greatest common factor of k and p.
7
Suppose 0 = 35*g - 916 - 3389. Let u(r) = -15*r - 23. Let l be u(-7). What is the highest common divisor of l and g?
41
Let i(y) = -4*y**3 - 25*y**2 + 14*y + 21. Let b be i(-7). Calculate the highest common factor of b and 770.
70
Let j = 3793 + -3709. Calculate the greatest common factor of 1358 and j.
14
Let q be (-1922)/(-8) - ((-34)/(-8) + -4). Calculate the greatest common divisor of q and 640.
80
Let n be 56 - (-28 + 14) - -7. Calculate the highest common divisor of 1463 and n.
77
Let p(f) = f**2 + 11*f - 39. Let u be p(-14). Let g(d) = 6*d + 38. Let y be g(u). What is the greatest common divisor of 12 and y?
4
Suppose -480*a - 287750 + 1303430 = 0. Calculate the highest common factor of 36 and a.
4
Suppose -7*j + 727 = -204. Let o = j + 182. What is the greatest common divisor of o and 45?
45
Suppose 2*f = -583 + 2197. Let w = f + -798. What is the greatest common divisor of 279 and w?
9
Let n be (-344331)/(-763) + 1/7*-2. Let l = -346 + n. Calculate the highest common divisor of 60 and l.
15
Suppose -y - 5*m + 476 = 0, 0 = 1229*y - 1234*y + 5*m + 2260. Calculate the greatest common divisor of 133 and y.
19
Let r be (1/1 - 3)*-2. Let g be (-700)/(-21)*(-24)/(-10). Suppose -16*s = -12*s - g. Calculate the highest common divisor of s and r.
4
Suppose 999 = 95*y - 21801. What is the greatest common divisor of y and 15?
15
Let t = 5 + 35. Let y(b) = b**2 - 3*b - 78. Let f be y(11). What is the highest common factor of f and t?
10
Let u be (20/(-6))/((-2)/(-9)). Let l(s) = -s**2 - 16*s - 11. Let r be l(u). Calculate the greatest common divisor of r and 52.
4
Let y = 394 - 372. Suppose -y*o + 216 = -21*o. What is the highest common factor of o and 27?
27
Let s be (0 - 11) + -3 - (1 - 4). Let f(v) = -v**2 + 7*v + 222. Let k be f(s). Calculate the highest common factor of 1080 and k.
24
Let q be 27/(-6)*-2*3. Suppose 751 = 17*u + 122. Let k = u - q. Calculate the highest common divisor of 4 and k.
2
Suppose -20*w = -33*w - 19*w + 960. What is the highest common factor of w and 270?
30
Let d be 1213868/340 - (-3)/(-15). What is the greatest common divisor of d and 245?
35
Let f(m) = 65*m**2 + 185*m - 183. Let x be f(1). Suppose q + 3*a = -a + 217, 2*q + 2*a = 410. What is the highest common divisor of q and x?
67
Suppose 5*k + 5*n - 45 = 0, -k + 3*n - n + 6 = 0. Let w be 2/2 - (k/(-2) + 1). Suppose 0*l - 96 = -4*l. Calculate the highest common divisor of w and l.
4
Let h(x) = 73*x + 366. Let t be h(-5). What is the greatest common divisor of t and 116?
1
Suppose -25*n = 18*n - 22919. Calculate the greatest common divisor of n and 104.
13
Suppose 13 = -0*q + 4*q - y, -q - 5*y = 23. Let u(r) = -r**3 + 3*r**2 + 3*r - 4. Let g be u(q). Calculate the highest common divisor of g and 48.
6
Let y be ((-6)/1)/(6/(-20)). Let s(r) = 84*r - 2432. Let n be s(29). What is the highest common factor of y and n?
4
Suppose 0 = -15*u + 86 + 94. Suppose -5*n + 0*p = -p - 54, -4*n - 4*p = -24. Let i be (24/(-10))/(n/(-800)). What is the greatest common divisor of u and i?
12
Let z(h) = h**3 + 477 + 42*h**2 - 2*h**3 - 77*h**2 + 34*h**2. Let q be z(0). What is the greatest common factor of 53 and q?
53
Suppose 4*m = -2*h - 2, 5*h - 12 = 5*m - 2. Let q be (-250)/30 + m/(-3). Let f = 5 - q. What is the highest common divisor of f and 143?
13
Suppose 5*w - 542 = 2*t + 256, -2*t - 318 = -2*w. Calculate the greatest common factor of 1000 and w.
40
Let u = -144 + 179. Let p be (2 - -2) + 64 + (6 - 4). What is the highest common factor of p and u?
35
Suppose -a = f - 15106, -3*f + 3*a + 59211 - 13917 = 0. Calculate the greatest common divisor of 18 and f.
18
Suppose -3*k + 4*r + 67 = -2*k, 4*r = -2*k + 62. What is the greatest common divisor of k and 3096?
43
Suppose 0 = -2*y - 24 - 24. Suppose -i + 382 = -101*d + 105*d, -470 = -5*d - 5*i. Let s = y + d. What is the greatest common factor of s and 36?
36
Let x be (-63)/(-1)*(-7095)/(-473). What is the greatest common divisor of x and 435?
15
Suppose 16995 = 5*m - 5*f, 7*m - 2*m + 3*f - 17019 = 0. Calculate the highest common factor of m and 14.
14
Suppose -5431 - 3049 = -20*l. Let d = 454 - l. What is the greatest common factor of 3 and d?
3
Suppose -4*a + r + 367 = 46, 5*r + 245 = 3*a. Let p(y) = 2*y**2 + 64. Let j be p(0). What is the highest common divisor of a and j?
16
Let w = -171 - -234. Suppose -4*o + 71 + 105 = 0. Let g = -26 + o. What is the greatest common factor of w and g?
9
Let h(y) = -y**3 - 23*y**2 + 78*y + 55. Let t be h(-26). What is the highest common divisor of 3047 and t?
11
Let k be (27 - (-1760)/(-66))/(2/15372). What is the greatest common divisor of 357 and k?
21
Let y be (27/5 - 3)/((-4)/(-10)). Let f(p) = -y*p + 0*p + 8 + 146 + 5*p. Let h be f(0). Calculate the greatest common factor of h and 14.
14
Let f(l) = -45*l - 307. Let s be f(-7). What is the greatest common divisor of s and 4552?
8
Let o be (-4)/144*-12*1491. What is the greatest common divisor of o and 21?
7
Suppose -3*c - 198 = 5*k + 14, 0 = 5*k + 2*c + 208. Suppose -4*g - 3 = -3*g. Let q be (k - 2)/(-2) + 3 + g. Calculate the greatest common divisor of q and 84.
21
Let o(l) = -l - 6. Let n be o(-11). Suppose -n*v = 3*w - 2, w - 19 = -2*v + 4*v. What is the highest common divisor of w and 87?
3
Let k = 1430 + 390. What is the greatest common factor of 52 and k?
52
Let r(k) = -k**3 + 5*k**2 - 48*k + 204. Let t be r(4). What is the greatest common divisor of 2100 and t?
28
Let i(y) = y**3 + 21*y**2 - 49*y - 65. Let r be i(-23). Suppose 0 = -4*p + r*q + 36, -10*q = 3*p - 5*q - 67. Calculate the greatest common factor of p and 518.
14
Suppose 4*c = 5*s + 35 + 10, 0 = -5*s - 25. Let i be (-86)/(-430) - 2/c*-37. What is the highest common divisor of 90 and i?
15
Let s = 15 + -3. Let f(n) = 2*n**3 + 30*n**2 + n + 19. Let k be f(-15). Suppose 396 = k*t + 156. What is the highest common factor of s and t?
12
Suppose 19*k - 13880 - 2266 = -20*k. Calculate the highest common divisor of k and 1196.
46
Let w = 40296 - 40290. What is the highest common divisor of 4146 and w?
6
Let j = -56 - -153. Suppose -6*k = j - 37. Let g be (50/(-10))/(k/12). What is the highest common divisor of g and 66?
6
Let n = 17460 - 16910. Calculate the highest common factor of n and 500.
50
Let l = 330 + -330. Suppose l*h = 4*h - 16. Calculate the highest common factor of 34 and h.
2
Let v(u) = -8*u**2 + 3*u + 25. Let k be v(-9). Let j be k/(-75) - 3*2/9. What is the greatest common divisor of j and 12?
4
Let a(l) = -22*l - 9 - l - 5 + 7. Let o be a(-3). Calculate the highest common factor of o and 496.
62
Suppose -2*k + 3 - 1 = 0, -g = -4*k + 4. Suppose a = -4*l, g = -l - 0*a - 2*a - 7. Let y be (8 + l)/(4/4). What is the greatest common factor of y and 9?
9
Let q(f) = 40*f**2 - 2*f - 8. Let u be q(-2). Let m = u + -152. What is the greatest common divisor of m and 108?
4
Suppose 11*g - 3287 = 2*y, -29*y - 1492 = -5*g - 26*y. Calculate the greatest common divisor of 403 and g.
13
Suppose o - 3*u - 45 = 0, -174 = -47*o + 44*o - 4*u. Calculate the highest common divisor of o and 459.
27
Suppose -219 = -4*o + 5*w, 0 = o + 5*w - 68 + 7. What is the greatest common factor of o and 9464?
56
Let h(s) = -520*s - 10920. Let i be h(-25). Calculate the highest common divisor of i and 340.
20
Let s(z) = -z**3 - 23*z**2 - 30*z - 164. Let k be s(-22). Suppose -6*a = -4*a - 120. What is the greatest common divisor of k and a?
12
Let p = 1513 + -1393. Calculate the greatest common divisor of 402 and p.
6
Suppose 7*p - 6*p = -6*p. Suppose p = 4*a